{"id":713,"date":"2020-12-03T18:59:06","date_gmt":"2020-12-03T17:59:06","guid":{"rendered":"https:\/\/www.consistoirenice.org\/wordpress\/?page_id=713"},"modified":"2026-03-22T18:31:37","modified_gmt":"2026-03-22T17:31:37","slug":"dernier-devoir-la-periode-des-30-jours","status":"publish","type":"page","link":"https:\/\/www.consistoirenice.org\/wordpress\/dernier-devoir-la-periode-des-30-jours\/","title":{"rendered":"Dernier Devoir : Les 30 jours"},"content":{"rendered":"\t\t<div data-elementor-type=\"wp-page\" data-elementor-id=\"713\" class=\"elementor elementor-713\" data-elementor-post-type=\"page\">\n\t\t\t\t<div class=\"elementor-element elementor-element-4f2f400a e-flex e-con-boxed e-con e-parent\" data-id=\"4f2f400a\" data-element_type=\"container\" data-e-type=\"container\">\n\t\t\t\t\t<div class=\"e-con-inner\">\n\t\t\t\t<div class=\"elementor-element elementor-element-fcf5329 elementor--h-position-center elementor--v-position-middle elementor-arrows-position-inside elementor-pagination-position-inside elementor-widget elementor-widget-slides\" data-id=\"fcf5329\" data-element_type=\"widget\" data-e-type=\"widget\" data-settings=\"{&quot;navigation&quot;:&quot;both&quot;,&quot;autoplay&quot;:&quot;yes&quot;,&quot;pause_on_hover&quot;:&quot;yes&quot;,&quot;pause_on_interaction&quot;:&quot;yes&quot;,&quot;autoplay_speed&quot;:5000,&quot;infinite&quot;:&quot;yes&quot;,&quot;transition&quot;:&quot;slide&quot;,&quot;transition_speed&quot;:500}\" data-widget_type=\"slides.default\">\n\t\t\t\t<div class=\"elementor-widget-container\">\n\t\t\t\t\t\t\t\t\t<div class=\"elementor-swiper\">\n\t\t\t\t\t<div class=\"elementor-slides-wrapper elementor-main-swiper swiper\" role=\"region\" aria-roledescription=\"carousel\" aria-label=\"Diapositives\" dir=\"ltr\" data-animation=\"fadeInUp\">\n\t\t\t\t<div class=\"swiper-wrapper elementor-slides\">\n\t\t\t\t\t\t\t\t\t\t<div class=\"elementor-repeater-item-1cf5304 swiper-slide\" role=\"group\" aria-roledescription=\"slide\"><div class=\"swiper-slide-bg\" role=\"img\" aria-label=\"30 jours\"><\/div><div class=\"swiper-slide-inner\" ><div class=\"swiper-slide-contents\"><\/div><\/div><\/div>\t\t\t\t<\/div>\n\t\t\t\t\t\t\t<\/div>\n\t\t\t\t<\/div>\n\t\t\t\t\t\t\t\t<\/div>\n\t\t\t\t<\/div>\n\t\t\t\t<div class=\"elementor-element elementor-element-1d8bd7ee elementor-widget elementor-widget-text-editor\" data-id=\"1d8bd7ee\" data-element_type=\"widget\" data-e-type=\"widget\" data-widget_type=\"text-editor.default\">\n\t\t\t\t<div class=\"elementor-widget-container\">\n\t\t\t\t\t\t\t\t\t<p>\u00a0<\/p>\n<p class=\"has-drop-cap\">Les r\u00e8gles du deuil, plus nombreuses et plus strictes pendant les \u201cChive&rsquo;a\u201d (7 jours), se prolongent un mois apr\u00e8s l&rsquo;enterrement. La p\u00e9riode du deuil est d&rsquo;un mois pour les \u00e9poux ainsi que pour les fr\u00e8res et s\u0153urs mais d&rsquo;un an pour les orphelins de p\u00e8re ou de m\u00e8re. Il existe cinq interdits pour la p\u00e9riode des sept jours :<\/p>\n<!-- \/wp:paragraph --><!-- wp:list {\"ordered\":true} -->\n<ol>\n<li>Se couper les cheveux et la barbe<\/li>\n<li>Participer \u00e0 des r\u00e9jouissances<\/li>\n<li>Se marier<\/li>\n<li>Porter des v\u00eatements neufs<\/li>\n<li>Saluer chaleureusement<\/li>\n<\/ol>\n<!-- \/wp:list --><!-- wp:paragraph -->\n<p>En ce qui concerne les cheveux et la barbe, on peut les couper apr\u00e8s les 30 jours \u00e0 condition que des amis fassent une remarque d\u00e9sobligeante sur l&rsquo;aspect n\u00e9glig\u00e9 de l&rsquo;endeuill\u00e9 (Maran Yor\u00e9 d\u00e9a 395). Cependant du fait que nous vivons dans un espace non-juif et que l&rsquo;aspect ext\u00e9rieur participe des bonnes relations humaines et professionnelles, il sera licite de se couper les cheveux et la barbe au bout de 30 jours (Rama Yor\u00e9 d\u00e9a 390, 4).<\/p>\n<!-- \/wp:paragraph --><!-- wp:paragraph -->\n<p>En souvenir du d\u00e9funt, une lumi\u00e8re doit br\u00fbler dans leur foyer, sans interruption pendant la dur\u00e9e du deuil et il faut continuer \u00e0 lire le Kaddich quotidiennement .<\/p>\n<!-- \/wp:paragraph -->\t\t\t\t\t\t\t\t<\/div>\n\t\t\t\t<\/div>\n\t\t\t\t\t<\/div>\n\t\t\t\t<\/div>\n\t\t\t\t<\/div>\n\t\t","protected":false},"excerpt":{"rendered":"<p>\u00a0 Les r\u00e8gles du deuil, plus nombreuses et plus strictes pendant les \u201cChive&rsquo;a\u201d (7 jours), se prolongent un mois apr\u00e8s l&rsquo;enterrement. La p\u00e9riode du deuil est d&rsquo;un mois pour les [&hellip;]<\/p>\n","protected":false},"author":2,"featured_media":0,"parent":0,"menu_order":0,"comment_status":"closed","ping_status":"closed","template":"templates\/template-full-width.php","meta":{"_acf_changed":false,"_eb_attr":"","h5ap_radio_sources":[],"footnotes":""},"class_list":["post-713","page","type-page","status-publish","hentry"],"acf":[],"_links":{"self":[{"href":"https:\/\/www.consistoirenice.org\/wordpress\/wp-json\/wp\/v2\/pages\/713","targetHints":{"allow":["GET"]}}],"collection":[{"href":"https:\/\/www.consistoirenice.org\/wordpress\/wp-json\/wp\/v2\/pages"}],"about":[{"href":"https:\/\/www.consistoirenice.org\/wordpress\/wp-json\/wp\/v2\/types\/page"}],"author":[{"embeddable":true,"href":"https:\/\/www.consistoirenice.org\/wordpress\/wp-json\/wp\/v2\/users\/2"}],"replies":[{"embeddable":true,"href":"https:\/\/www.consistoirenice.org\/wordpress\/wp-json\/wp\/v2\/comments?post=713"}],"version-history":[{"count":0,"href":"https:\/\/www.consistoirenice.org\/wordpress\/wp-json\/wp\/v2\/pages\/713\/revisions"}],"wp:attachment":[{"href":"https:\/\/www.consistoirenice.org\/wordpress\/wp-json\/wp\/v2\/media?parent=713"}],"curies":[{"name":"wp","href":"https:\/\/api.w.org\/{rel}","templated":true}]}}

<div data-elementor-type="wp-page" data-elementor-id="713" class="elementor elementor-713" data-elementor-post-type="page">
				<div class="elementor-element elementor-element-4f2f400a e-flex e-con-boxed e-con e-parent" data-id="4f2f400a" data-element_type="container" data-e-type="container">
					<div class="e-con-inner">
				<div class="elementor-element elementor-element-fcf5329 elementor--h-position-center elementor--v-position-middle elementor-arrows-position-inside elementor-pagination-position-inside elementor-widget elementor-widget-slides" data-id="fcf5329" data-element_type="widget" data-e-type="widget" data-settings="{&quot;navigation&quot;:&quot;both&quot;,&quot;autoplay&quot;:&quot;yes&quot;,&quot;pause_on_hover&quot;:&quot;yes&quot;,&quot;pause_on_interaction&quot;:&quot;yes&quot;,&quot;autoplay_speed&quot;:5000,&quot;infinite&quot;:&quot;yes&quot;,&quot;transition&quot;:&quot;slide&quot;,&quot;transition_speed&quot;:500}" data-widget_type="slides.default">
				<div class="elementor-widget-container">
									<div class="elementor-swiper">
					<div class="elementor-slides-wrapper elementor-main-swiper swiper" role="region" aria-roledescription="carousel" aria-label="Diapositives" dir="ltr" data-animation="fadeInUp">
				<div class="swiper-wrapper elementor-slides">
										<div class="elementor-repeater-item-1cf5304 swiper-slide" role="group" aria-roledescription="slide"><div class="swiper-slide-bg" role="img" aria-label="30 jours"></div><div class="swiper-slide-inner" ><div class="swiper-slide-contents"></div></div></div>				</div>
							</div>
				</div>
								</div>
				</div>
				<div class="elementor-element elementor-element-1d8bd7ee elementor-widget elementor-widget-text-editor" data-id="1d8bd7ee" data-element_type="widget" data-e-type="widget" data-widget_type="text-editor.default">
				<div class="elementor-widget-container">
									<p> </p>
<p class="has-drop-cap">Les règles du deuil, plus nombreuses et plus strictes pendant les “Chive&rsquo;a” (7 jours), se prolongent un mois après l&rsquo;enterrement. La période du deuil est d&rsquo;un mois pour les époux ainsi que pour les frères et sœurs mais d&rsquo;un an pour les orphelins de père ou de mère. Il existe cinq interdits pour la période des sept jours :</p>
<!-- /wp:paragraph --><!-- wp:list {"ordered":true} -->
<ol>
<li>Se couper les cheveux et la barbe</li>
<li>Participer à des réjouissances</li>
<li>Se marier</li>
<li>Porter des vêtements neufs</li>
<li>Saluer chaleureusement</li>
</ol>
<!-- /wp:list --><!-- wp:paragraph -->
<p>En ce qui concerne les cheveux et la barbe, on peut les couper après les 30 jours à condition que des amis fassent une remarque désobligeante sur l&rsquo;aspect négligé de l&rsquo;endeuillé (Maran Yoré déa 395). Cependant du fait que nous vivons dans un espace non-juif et que l&rsquo;aspect extérieur participe des bonnes relations humaines et professionnelles, il sera licite de se couper les cheveux et la barbe au bout de 30 jours (Rama Yoré déa 390, 4).</p>
<!-- /wp:paragraph --><!-- wp:paragraph -->
<p>En souvenir du défunt, une lumière doit brûler dans leur foyer, sans interruption pendant la durée du deuil et il faut continuer à lire le Kaddich quotidiennement .</p>
<!-- /wp:paragraph -->								</div>
				</div>
					</div>
				</div>
				</div>

<p>  Les règles du deuil, plus nombreuses et plus strictes pendant les “Chive&rsquo;a” (7 jours), se prolongent un mois après l&rsquo;enterrement. La période du deuil est d&rsquo;un mois pour les [&hellip;]</p>
