{"id":704,"date":"2020-12-03T18:56:15","date_gmt":"2020-12-03T17:56:15","guid":{"rendered":"https:\/\/www.consistoirenice.org\/wordpress\/?page_id=704"},"modified":"2026-04-05T12:10:26","modified_gmt":"2026-04-05T10:10:26","slug":"ernier-devoir-laccompagnement-des-morts","status":"publish","type":"page","link":"https:\/\/www.consistoirenice.org\/wordpress\/ernier-devoir-laccompagnement-des-morts\/","title":{"rendered":"Dernier Devoir :  L&rsquo;accompagnement des Morts"},"content":{"rendered":"\t\t<div data-elementor-type=\"wp-page\" data-elementor-id=\"704\" class=\"elementor elementor-704\" data-elementor-post-type=\"page\">\n\t\t\t\t<div class=\"elementor-element elementor-element-5b41f366 e-flex e-con-boxed e-con e-parent\" data-id=\"5b41f366\" data-element_type=\"container\" data-e-type=\"container\">\n\t\t\t\t\t<div class=\"e-con-inner\">\n\t\t\t\t<div class=\"elementor-element elementor-element-e11709f elementor--h-position-center elementor--v-position-middle elementor-arrows-position-inside elementor-pagination-position-inside elementor-widget elementor-widget-slides\" data-id=\"e11709f\" data-element_type=\"widget\" data-e-type=\"widget\" data-settings=\"{&quot;navigation&quot;:&quot;both&quot;,&quot;autoplay&quot;:&quot;yes&quot;,&quot;pause_on_hover&quot;:&quot;yes&quot;,&quot;pause_on_interaction&quot;:&quot;yes&quot;,&quot;autoplay_speed&quot;:5000,&quot;infinite&quot;:&quot;yes&quot;,&quot;transition&quot;:&quot;slide&quot;,&quot;transition_speed&quot;:500}\" data-widget_type=\"slides.default\">\n\t\t\t\t<div class=\"elementor-widget-container\">\n\t\t\t\t\t\t\t\t\t<div class=\"elementor-swiper\">\n\t\t\t\t\t<div class=\"elementor-slides-wrapper elementor-main-swiper swiper\" role=\"region\" aria-roledescription=\"carousel\" aria-label=\"Diapositives\" dir=\"ltr\" data-animation=\"fadeInUp\">\n\t\t\t\t<div class=\"swiper-wrapper elementor-slides\">\n\t\t\t\t\t\t\t\t\t\t<div class=\"elementor-repeater-item-7b0b631 swiper-slide\" role=\"group\" aria-roledescription=\"slide\"><div class=\"swiper-slide-bg\" role=\"img\" aria-label=\"ChatGPT Image 22 mars 2026, 18_12_56\"><\/div><div class=\"swiper-slide-inner\" ><div class=\"swiper-slide-contents\"><\/div><\/div><\/div>\t\t\t\t<\/div>\n\t\t\t\t\t\t\t<\/div>\n\t\t\t\t<\/div>\n\t\t\t\t\t\t\t\t<\/div>\n\t\t\t\t<\/div>\n\t\t\t\t<div class=\"elementor-element elementor-element-640547a8 elementor-widget elementor-widget-text-editor\" data-id=\"640547a8\" data-element_type=\"widget\" data-e-type=\"widget\" data-widget_type=\"text-editor.default\">\n\t\t\t\t<div class=\"elementor-widget-container\">\n\t\t\t\t\t\t\t\t\t<p>\u00a0<\/p>\n<p class=\"has-drop-cap\">La tradition juive compte, parmi les \u00a0\u00bb mitsvot \u00a0\u00bb (commandements ou devoirs primordiaux \u00e0 remplir), les soins, visites, pri\u00e8res \u00e0 prodiguer aux malades . Il existe au Consistoire de Nice, comme au sein de chaque communaut\u00e9 juive, une soci\u00e9t\u00e9 dont les membres rendent visite aux malades, les confortent dans leurs derniers moments C&rsquo;est la \u00ab\u00a0H\u00e9vra Kadicha\u00a0\u00bb.<\/p>\n<!-- \/wp:paragraph --><!-- wp:paragraph -->\n<p>En cas de d\u00e9c\u00e8s, le Service de la H\u00e9vra Kadicha se charge enti\u00e8rement d&rsquo;ex\u00e9cuter les mitsvot li\u00e9es au deuil : derniers devoirs au d\u00e9funt, pri\u00e8res, consolations prodigu\u00e9es aux parents du d\u00e9funt, organisation des enterrements\u2026<\/p>\n<!-- \/wp:paragraph --><!-- wp:paragraph -->\n<p>Pour contacter le service, il faut appeler le Consistoire, 06 25 75 82 47 qui prendra toutes les dispositions primordiales.<\/p>\n<!-- \/wp:paragraph --><!-- wp:paragraph -->\n<p>Le responsable de la H\u00e9vra Kadicha est M. le Rabbin TEBOUL (07.69.26.24.17).<\/p>\n<!-- \/wp:paragraph --><!-- wp:paragraph -->\n<p>L&rsquo;organisateur de la H\u00e9vra Kadicha est M. Marco KABALO.<\/p>\n<!-- \/wp:paragraph --><!-- wp:paragraph -->\n<p>Ne pas contacter lors du Shabbat ou un jour de f\u00eates.<\/p>\n<!-- \/wp:paragraph --><!-- wp:paragraph -->\n<p>Le service consistorial du Dernier Devoir a interdit toute qu\u00eate ou collecte tant au domicile des familles endeuill\u00e9es que dans les cimeti\u00e8res.<\/p>\n<!-- \/wp:paragraph --><!-- wp:paragraph -->\n<p>Ces services sont rendus, sans distinction, aux riches comme aux pauvres d&rsquo;une m\u00eame communaut\u00e9. Il n&rsquo;est proc\u00e9d\u00e9 \u00e0 aucun pr\u00e9paratif particulier en pr\u00e9vision d&rsquo;une mort prochaine, la mort devant \u00eatre appr\u00e9hend\u00e9e avec s\u00e9r\u00e9nit\u00e9 tant par l&rsquo;agonisant que par ceux qui l&rsquo;entourent.<\/p>\n<!-- \/wp:paragraph --><!-- wp:paragraph -->\n<p>Rappelons cependant deux interdictions du Juda\u00efsme d\u00e9coulant du commandement \u00a0\u00bb tu ne tueras point \u00ab\u00a0, \u00e0 savoir le suicide et l&rsquo;euthanasie.<\/p>\n<!-- \/wp:paragraph --><!-- wp:paragraph -->\n<p>Des pri\u00e8res et des psaumes sont r\u00e9cit\u00e9s lors des derniers moments et, en particulier, le \u00a0\u00bb Chema \u00a0\u00bb profession de foi du juif, \u00e9galement dite \u00e0 la fin du Kippour. C&rsquo;est sur le dernier mot du \u00a0\u00bb Chema \u00a0\u00bb , \u00ab\u00a0E&rsquo;had \u00a0\u00bb (\u00a0\u00bb Un \u00ab\u00a0) que l&rsquo;\u00e2me du d\u00e9funt se s\u00e9pare du corps\u00a0.<\/p>\n<!-- \/wp:paragraph --><!-- wp:paragraph -->\n<p>Lorsque l&rsquo;agonie d&rsquo;un malade a commenc\u00e9 et qu&rsquo;il est sur le point de rendre son \u00e2me \u00e0 D.ieu, les assistants disent :<\/p>\n<!-- \/wp:paragraph --><!-- wp:paragraph -->\n<p>. 1 fois : Adonaye melekh Adonaye malakh Adonaye imlokh le\u00f4lam va\u00ebd<\/p>\n<!-- \/wp:paragraph --><!-- wp:paragraph -->\n<p>. 3 fois : Baroukh shem kevod malkhout\u00f4 le\u00f4lam va\u00ebd<\/p>\n<!-- \/wp:paragraph --><!-- wp:paragraph -->\n<p>. 1 fois : Shema Isra\u00ebl Adonaye elohenou Adonaye \u00e9&rsquo;had.<\/p>\n<!-- \/wp:paragraph --><!-- wp:paragraph -->\n<p>D\u00e8s qu&rsquo;un d\u00e9c\u00e8s est constat\u00e9, les assistants prononcent la b\u00e9n\u00e9diction suivante :<\/p>\n<!-- \/wp:paragraph --><!-- wp:paragraph -->\n<p>Baroukh dayan ha\u00e9meth ( B\u00e9ni soit le Juge v\u00e9ritable).<\/p>\n<!-- \/wp:paragraph --><!-- wp:paragraph -->\n<p>On ferme les yeux du d\u00e9funt, on entoure sa t\u00eate d&rsquo;une serviette ou d&rsquo;un linge pour que sa bouche ne reste pas ouverte. On \u00e9tend ses membres , en particulier ses bras le long du corps; On le recouvre d&rsquo;un drap, on allume une veilleuse, on couvre les miroirs.<\/p>\n<!-- \/wp:paragraph --><!-- wp:paragraph -->\n<p>Anciennement, la coutume voulait que le corps soit pos\u00e9 \u00e0 terre, sur une planche ou sur de la paille.<\/p>\n<!-- \/wp:paragraph -->\t\t\t\t\t\t\t\t<\/div>\n\t\t\t\t<\/div>\n\t\t\t\t\t<\/div>\n\t\t\t\t<\/div>\n\t\t\t\t<\/div>\n\t\t","protected":false},"excerpt":{"rendered":"<p>\u00a0 La tradition juive compte, parmi les \u00a0\u00bb mitsvot \u00a0\u00bb (commandements ou devoirs primordiaux \u00e0 remplir), les soins, visites, pri\u00e8res \u00e0 prodiguer aux malades . Il existe au Consistoire de [&hellip;]<\/p>\n","protected":false},"author":2,"featured_media":0,"parent":0,"menu_order":0,"comment_status":"closed","ping_status":"closed","template":"templates\/template-full-width.php","meta":{"_acf_changed":false,"_eb_attr":"","h5ap_radio_sources":[],"footnotes":""},"class_list":["post-704","page","type-page","status-publish","hentry"],"acf":[],"_links":{"self":[{"href":"https:\/\/www.consistoirenice.org\/wordpress\/wp-json\/wp\/v2\/pages\/704","targetHints":{"allow":["GET"]}}],"collection":[{"href":"https:\/\/www.consistoirenice.org\/wordpress\/wp-json\/wp\/v2\/pages"}],"about":[{"href":"https:\/\/www.consistoirenice.org\/wordpress\/wp-json\/wp\/v2\/types\/page"}],"author":[{"embeddable":true,"href":"https:\/\/www.consistoirenice.org\/wordpress\/wp-json\/wp\/v2\/users\/2"}],"replies":[{"embeddable":true,"href":"https:\/\/www.consistoirenice.org\/wordpress\/wp-json\/wp\/v2\/comments?post=704"}],"version-history":[{"count":3,"href":"https:\/\/www.consistoirenice.org\/wordpress\/wp-json\/wp\/v2\/pages\/704\/revisions"}],"predecessor-version":[{"id":18479,"href":"https:\/\/www.consistoirenice.org\/wordpress\/wp-json\/wp\/v2\/pages\/704\/revisions\/18479"}],"wp:attachment":[{"href":"https:\/\/www.consistoirenice.org\/wordpress\/wp-json\/wp\/v2\/media?parent=704"}],"curies":[{"name":"wp","href":"https:\/\/api.w.org\/{rel}","templated":true}]}}